{"id":835,"date":"2025-01-28T23:19:26","date_gmt":"2025-01-28T16:19:26","guid":{"rendered":"https:\/\/sesa.fkip.unja.ac.id\/?page_id=835"},"modified":"2025-01-29T20:13:35","modified_gmt":"2025-01-29T13:13:35","slug":"kerjasama","status":"publish","type":"page","link":"https:\/\/sesa.fkip.unja.ac.id\/index.php\/kerjasama\/","title":{"rendered":"Kerjasama"},"content":{"rendered":"<p>Jurusan SESA memiliki kerjasama dengan berbagai institusi baik dalam maupun luar negeri dalam bidang akademik, penelitian, dan pengabdian kepada masyarakat.<\/p>\n<p>Beberapa institusi yang menjalin kerjasama dengan Jurusan SESA antara lain<\/p>\n<ol>\n<li>Jurusan Ilmu Sosial dan Ilmu Pemerintahan Universitas Jambi<\/li>\n<li>Borobudur Writers and Culture Festival (BWCF) Society<\/li>\n<li>Dinas Kebudayaan Provinsi Riau<\/li>\n<li>Dinas Kebudayaan dan Pariwisata Kabupaten Kampar<\/li>\n<li>Pemerintah Desa Teluk<\/li>\n<li>Organisasi Riset Arkeologi, Bahasa dan Sastra Badan Riset dan Inovasi Nasional<\/li>\n<li>\u00c9cole fran\u00e7aise d&#8217;Extr\u00eame-Orient (EFEO)<\/li>\n<\/ol>\n<p><img decoding=\"async\" loading=\"lazy\" class=\"alignnone size-medium wp-image-863 aligncenter\" src=\"https:\/\/sesa.fkip.unja.ac.id\/wp-content\/uploads\/2025\/01\/Foto-Rektor-Festival-Durian-Teluk-300x225.jpg\" alt=\"\" width=\"300\" height=\"225\" srcset=\"https:\/\/sesa.fkip.unja.ac.id\/wp-content\/uploads\/2025\/01\/Foto-Rektor-Festival-Durian-Teluk-300x225.jpg 300w, https:\/\/sesa.fkip.unja.ac.id\/wp-content\/uploads\/2025\/01\/Foto-Rektor-Festival-Durian-Teluk-1024x768.jpg 1024w, https:\/\/sesa.fkip.unja.ac.id\/wp-content\/uploads\/2025\/01\/Foto-Rektor-Festival-Durian-Teluk-768x576.jpg 768w, https:\/\/sesa.fkip.unja.ac.id\/wp-content\/uploads\/2025\/01\/Foto-Rektor-Festival-Durian-Teluk-1536x1152.jpg 1536w, https:\/\/sesa.fkip.unja.ac.id\/wp-content\/uploads\/2025\/01\/Foto-Rektor-Festival-Durian-Teluk-2048x1536.jpg 2048w\" sizes=\"(max-width: 300px) 100vw, 300px\" \/><\/p>\n<p style=\"text-align: center;\"><span style=\"font-size: 14px;\">Festival Durian Teluk tahun 2025 Kerjasama Jurusan SESA Jurusan ISIP dan Pemerintah Desa Teluk<\/span><\/p>\n<p><img decoding=\"async\" loading=\"lazy\" class=\"size-medium wp-image-866 aligncenter\" src=\"https:\/\/sesa.fkip.unja.ac.id\/wp-content\/uploads\/2025\/01\/Foto-Rektor-Festival-Durian-Teluk-2-300x225.jpg\" alt=\"\" width=\"300\" height=\"225\" srcset=\"https:\/\/sesa.fkip.unja.ac.id\/wp-content\/uploads\/2025\/01\/Foto-Rektor-Festival-Durian-Teluk-2-300x225.jpg 300w, https:\/\/sesa.fkip.unja.ac.id\/wp-content\/uploads\/2025\/01\/Foto-Rektor-Festival-Durian-Teluk-2-1024x768.jpg 1024w, https:\/\/sesa.fkip.unja.ac.id\/wp-content\/uploads\/2025\/01\/Foto-Rektor-Festival-Durian-Teluk-2-768x576.jpg 768w, https:\/\/sesa.fkip.unja.ac.id\/wp-content\/uploads\/2025\/01\/Foto-Rektor-Festival-Durian-Teluk-2.jpg 1040w\" sizes=\"(max-width: 300px) 100vw, 300px\" \/><\/p>\n<p style=\"text-align: center;\"><span style=\"font-size: 14px;\">Rektor UNJA Prof. Dr. Helmi, S.H., M.H. bersama beberapa dosen Jurusan SESA di acara Festival Durian Teluk 2025<\/span><\/p>\n","protected":false},"excerpt":{"rendered":"<p>Jurusan SESA memiliki kerjasama dengan berbagai institusi baik dalam maupun luar negeri dalam bidang akademik, penelitian, dan pengabdian kepada masyarakat. Beberapa institusi yang menjalin kerjasama dengan Jurusan SESA antara lain Jurusan Ilmu Sosial dan Ilmu Pemerintahan Universitas Jambi Borobudur Writers and Culture Festival (BWCF) Society Dinas Kebudayaan Provinsi Riau Dinas Kebudayaan dan Pariwisata Kabupaten Kampar<a class=\"moretag\" href=\"https:\/\/sesa.fkip.unja.ac.id\/index.php\/kerjasama\/\"><span class=\"screen-reader-text\">Baca selengkapnya tentangKerjasama<\/span>[&#8230;]<\/a><\/p>\n","protected":false},"author":1,"featured_media":0,"parent":0,"menu_order":0,"comment_status":"open","ping_status":"closed","template":"","meta":[],"_links":{"self":[{"href":"https:\/\/sesa.fkip.unja.ac.id\/index.php\/wp-json\/wp\/v2\/pages\/835"}],"collection":[{"href":"https:\/\/sesa.fkip.unja.ac.id\/index.php\/wp-json\/wp\/v2\/pages"}],"about":[{"href":"https:\/\/sesa.fkip.unja.ac.id\/index.php\/wp-json\/wp\/v2\/types\/page"}],"author":[{"embeddable":true,"href":"https:\/\/sesa.fkip.unja.ac.id\/index.php\/wp-json\/wp\/v2\/users\/1"}],"replies":[{"embeddable":true,"href":"https:\/\/sesa.fkip.unja.ac.id\/index.php\/wp-json\/wp\/v2\/comments?post=835"}],"version-history":[{"count":8,"href":"https:\/\/sesa.fkip.unja.ac.id\/index.php\/wp-json\/wp\/v2\/pages\/835\/revisions"}],"predecessor-version":[{"id":867,"href":"https:\/\/sesa.fkip.unja.ac.id\/index.php\/wp-json\/wp\/v2\/pages\/835\/revisions\/867"}],"wp:attachment":[{"href":"https:\/\/sesa.fkip.unja.ac.id\/index.php\/wp-json\/wp\/v2\/media?parent=835"}],"curies":[{"name":"wp","href":"https:\/\/api.w.org\/{rel}","templated":true}]}}